 Suppose 4*v - 1042 - 2368 = -3*s, -2*s = v - m. What is the tens digit of v?
5
Suppose 0 = -3*d + 3, 2*d = -3*n + 849 + 482. Let p = -376 + n. What is the units digit of p?
7
What is the thousands digit of -6 + (4 + 72/(-20) - 82815/(-25))?
3
Let w = 7769 - 2809. What is the thousands digit of w?
4
Let p(i) = 253*i**2 - 15*i - 9. What is the thousands digit of p(5)?
6
What is the hundreds digit of 3018 - -1 - (63 + -53)?
0
Suppose 227*p + 1475600 = 327*p. What is the hundreds digit of p?
7
Let n = -354 - -357. Suppose -5*u + n*p + 2744 = 0, 2*u - 1669 = 4*p - 577. What is the hundreds digit of u?
5
What is the hundreds digit of (15375/(-164))/((-7)/1652)?
1
Suppose -4*i + 4*o + 44 = 0, -3*i + 4*o - 15 = -53. What is the tens digit of (10059/i)/(-7)*-2?
7
Let s = 18828 - 10843. What is the thousands digit of s?
7
Let f(r) = -15*r + 8. Let m be f(-2). Let q = m + -52. What is the hundreds digit of 21/(-49) - 47*46/q?
1
Let v(r) = 295*r - 117. Let x be v(26). Suppose 0 = 7*n - x - 3780. What is the tens digit of n?
1
Let y = 22845 - 7590. What is the thousands digit of y?
5
Suppose x = -3*p + 19713, 443*p = 439*p - 4*x + 26292. What is the tens digit of p?
7
Let s be (6 - 6 - 172)*2. Let v = 663 + s. What is the units digit of v?
9
Let o = 428 + -283. Suppose -2*g - 189 = -a, 4*a + o = -4*g + 889. Suppose 4*k = -5*v + a, v - 29 = -0*v + 2*k. What is the tens digit of v?
3
Suppose 2314840 = 1290*z - 1256*z + 575638. What is the ten thousands digit of z?
5
Let q(o) be the third derivative of o**6/120 + o**4/6 + 5*o**3/2 + 15*o**2. Let v be q(-6). Let c = 346 + v. What is the hundreds digit of c?
1
What is the hundreds digit of 2*(-5)/(-30)*15473*(3 + 0)?
4
Suppose 15*c - 13 = 10*c - 3*o, 4 = 4*o. What is the tens digit of -1*(c/13 - (-26150)/(-130))?
0
Let w be (1/3)/((-6)/(-18)). Suppose -2*v - w = -9. Suppose -n = v*n - 360. What is the units digit of n?
2
Let q = 38 + 572. Suppose -q = -2*a - p, -2*a = -15*p + 12*p - 610. What is the hundreds digit of a?
3
Let p = 57 + -57. Suppose p = 4*t - 1 + 17, -595 = -b + t. Suppose 33*h - b = 30*h. What is the tens digit of h?
9
Let w be 0 - (-3963)/30 - (-1)/(-10). What is the tens digit of 4/4*w - 1*5?
2
Let a be (11*9)/(15/10). Suppose -4*g - 4*b - 4 = 0, 2*b + 10 = -3*b. What is the tens digit of (0 - -2) + g + a?
6
Suppose -2*a + 438 = -4*z, -3*z - 205 - 104 = 5*a. Suppose -34*t + 66 = -12*t. What is the hundreds digit of (105/(-28))/(t/z)?
1
Suppose 0*n - 3*n + 89487 - 21915 = 0. What is the ten thousands digit of n?
2
Let m(d) = 737*d - 979. What is the tens digit of m(11)?
2
Let a = 91351 - 44280. What is the tens digit of a?
7
Let i(x) = 22*x + 13. Let o = -8 + 15. What is the tens digit of i(o)?
6
Let f(r) = -28*r - 23*r + 2*r**2 - 20*r + 56*r + 15. Let z be f(12). Suppose 87 = s - z. What is the tens digit of s?
1
Let l(t) = 4*t**2 + 19*t - 6. Let f(h) = -11*h**2 - 56*h + 17. Let p(y) = -6*f(y) - 17*l(y). Let u be p(6). Suppose -u = n - 80. What is the units digit of n?
4
Suppose 27*v + 17847 = 18*v. Let n = -908 - v. What is the units digit of n?
5
Suppose 14 + 6 = -2*y. Let b(w) = -2*w + 34. Let r be b(y). Suppose r - 8 = j. What is the units digit of j?
6
Suppose -5*r = -10*r + 45. Suppose -r*v + 1449 = -459. What is the tens digit of v?
1
Let b = 245 + -654. Let x = 762 + b. What is the tens digit of x?
5
Suppose -4*q + 3*h + 194246 = 0, -q + 3*h + 26511 = -22064. What is the hundreds digit of q?
5
Let o(c) = 14*c**2 + 31*c - 114. What is the thousands digit of o(-23)?
6
Let r(q) = -q**3 + 7*q**2 + 3*q - 24. Let d be r(11). Let l = 782 + d. Let w = l - 200. What is the units digit of w?
7
Let h = -59 + 53. Let j be h/(-4) + ((-9)/2 - -5). What is the hundreds digit of 117 + (j + (-5)/2)*0?
1
Suppose -15*y - 8978 = -2*u - 13*y, -5*y - 8972 = -2*u. What is the tens digit of u?
9
Let n(t) = t**2 + 18*t + 18. Let j be 34*(-1)/2 + 0. Let f be n(j). What is the units digit of -3 - 321/(-3) - f?
3
Let k(i) = -i**2 + 32*i + 104. Let y be k(34). Suppose 480 = -y*r + 5484. What is the units digit of r?
9
Let b = 47 + -24. Suppose 5*y - 5*i - 1305 = 0, -3*i - b = 2*y - 535. What is the units digit of y?
9
Suppose 2*j - 4*n - 2064 = -2*j, 2*j + 2*n - 1048 = 0. Suppose -2*p = 4*g - 1768, p + j = 5*g - 1690. What is the hundreds digit of g?
4
Let b = 26474 + -5318. What is the tens digit of b?
5
Let y = -4405 + 5904. What is the units digit of y?
9
What is the ten thousands digit of 4 + (26207 - (13 + -13))?
2
Suppose -y + 3*y - 35 = 3*r, 4*y - 60 = 4*r. What is the tens digit of (-8352)/(-20) + 4/y?
1
Let a(s) = -4*s**2 + 183*s + 175. What is the tens digit of a(34)?
7
Let b(m) = m**3 - 11*m**2 + 19*m - 1. Let a be b(10). Suppose 98*q = a*q + 5526. What is the tens digit of q?
1
Let u(k) = 471*k + 82. What is the units digit of u(8)?
0
Suppose -y + 11 = 4*k, 5*y - k = 6 + 7. Suppose 6*n - 19 = n - 3*q, y*n - 2*q = 0. Let z(l) = -l**3 + 3*l**2 + 5*l - 5. What is the units digit of z(n)?
9
Let t be (27/(-12))/(2/(-8)). Suppose -o + t*o = -48. What is the units digit of o/8 - 875/(-20)?
3
Let l = 164 - 170. What is the tens digit of (l/12)/((-2)/1032)?
5
What is the units digit of 92 - 106 - 1558*-8?
0
Let r be (-3)/((-39)/6 + 5). What is the units digit of r - (3/(-21) - (-7164)/(-28))?
8
Suppose 153*q - 68374 = 136*q. What is the units digit of q?
2
Let q(p) = -p**3 + 38*p**2 + 192*p - 65. What is the units digit of q(40)?
5
Suppose 73*p + 36*p = -122*p + 2386461. What is the units digit of p?
1
Suppose 4*p + 6 = 18. Suppose k + p*k + 4*a - 76 = 0, 0 = k + 2*a - 21. Suppose -k = 4*y - 77. What is the units digit of y?
5
Let i = 40 + -37. Suppose i*z - 13 + 1 = 0. Suppose -5*l - k + 723 = -46, z*l + 3*k = 624. What is the hundreds digit of l?
1
Suppose -2*a + 23*n + 721 = 24*n, 2*n + 10 = 0. What is the units digit of a?
3
What is the thousands digit of (-29373 - -5)*3/(-12)?
7
Let n = 1037 - -664. What is the tens digit of n?
0
Let c be ((-11)/(-3))/(2/(-60)*-10). Suppose c*m + 17*m = 12992. What is the tens digit of m?
6
Let g(f) = f**3 - 5*f**2 - f + 5. Let o be g(5). Let h(n) = -120*n**3 + n**2 + n. Let q be h(-1). Suppose o = 2*j - 398 + q. What is the units digit of j?
9
Let f(l) = -50*l + 40. Let d(u) = u**3 + 26*u**2 + 49*u + 8. Let w be d(-24). What is the tens digit of f(w)?
4
Let k(v) = v**2 + 12*v - 52. Let x be k(-23). Let q = x - 320. Let o = -85 - q. What is the units digit of o?
4
Let h = -184 + 446. Let j = 580 - h. What is the tens digit of j?
1
Suppose -3071 = -4*b - 2*v + 88401, -2*v = -12. What is the thousands digit of b?
2
Suppose n = -k - 2, -2*n + 3*k + 21 = -0*k. Suppose 0 = n*b - 11*b - 1224. Let p = 312 + b. What is the hundreds digit of p?
1
Suppose 380*m - 8549432 = 148*m. What is the ten thousands digit of m?
3
Suppose -12*q - 32388 = -16*q. What is the tens digit of q?
9
Suppose 3011283 = 67*k + 13*k + 258483. What is the thousands digit of k?
4
Let v(g) = 3*g**2 - 35*g + 10. What is the tens digit of v(38)?
1
Let x(z) = 0 + 2*z**2 - 3*z**2 - 2*z + 4*z**2 - 2*z**2 + 73. What is the units digit of x(-7)?
6
Let w = -204 + 251. What is the tens digit of -1*-1*2 - (-11 - w)?
6
Let l = 8625 + -8251. What is the hundreds digit of l?
3
Suppose -8*q + 9*q + 28*q - 236060 = 0. What is the tens digit of q?
4
Let m(v) = -2*v + 118. Let q be m(55). Let x(h) be the second derivative of 5*h**3/2 - 9*h**2 + 2*h. What is the units digit of x(q)?
2
Suppose 0 = -5*a - 25, -8*k + 12*k - 33195 = 7*a. What is the tens digit of k?
9
Let m = 100498 + -59602. What is the tens digit of m?
9
Suppose -b - 89 = -5*d, -4*d + b + 24 = -47. Let k(j) = -2*j + 1. Let i(v) = 5*v - 41. Let f(y) = i(y) - 4*k(y). What is the hundreds digit of f(d)?
1
Let t = 47 + -53. Let b(r) = -2*r**2 - 15*r - 4. Let o be b(t). What is the tens digit of ((-402)/(-4))/(o/28)?
0
Suppose 5*g = 2*c + 10*g - 58087, -18*c = -2*g - 522830. What is the thousands digit of c?
9
Suppose 3*z + 1 = 7. Suppose -4*i = -z*f - 6, 5*f - 9 = 2*i + 2*i. Suppose 0 = -f*v - 85 + 410. What is the units digit of v?
5
Let d = -55252 - -134947. What is the units digit of d?
5
What is the units digit of ((-63)/84)/((-15)/452860) + 10?
3
Let p(v) = -v**2. Let s be p(0). Suppose -6*d + s - 6 = 0. What is the units digit of -6*((-15)/2 - d)?
9
Supp